 What are the prime factors of c?
11
Let j = -4 + 13. Suppose 0 = -4*z + 67 + j. Suppose -2*l + 21 = -z. List the prime factors of l.
2, 5
Let d = 83 + -12. What are the prime factors of d?
71
Suppose -2*z + 4752 = 3*s, s = -56*z + 54*z + 4744. List the prime factors of z.
2, 3, 5, 79
Let d(f) = 3*f + 12. Let q(g) = -g - 4. Let u(i) = 4*d(i) + 11*q(i). Let j = 1 - -4. List the prime factors of u(j).
3
Let b(d) = d**2 + d + 9. Let k be b(0). Suppose -k*r = -2*r - 476. List the prime factors of r.
2, 17
Suppose 2*t - 4*m = 6*t + 28, -3*t = -m + 17. Let f be 19 + t/(4/2). Suppose 5*v - 19 = f. What are the prime factors of v?
7
Suppose -3*h - 2*q = -34, q - 32 = -3*h - 0*q. Let j(g) = -13 + 4 + 3*g + h. What are the prime factors of j(1)?
2
Let q = 3344 + 328. List the prime factors of q.
2, 3, 17
Let s(a) = 3*a + 2. Let q(j) = 1. Let r be (0/2 + -2)*-3. Let o(v) = r*q(v) + s(v). What are the prime factors of o(6)?
2, 13
Suppose 2*y = -4*c + 32, -6 = -2*c - 0*y + 4*y. Suppose -c*g = -571 - 444. List the prime factors of g.
5, 29
Suppose 2*l - 14 = 30. Let j = 34 - 35. Let o = l - j. List the prime factors of o.
23
Let d = 10 - 25. Let r = d + 15. Suppose r = -4*t - q + 80, -4*t + 5*q + 0*q = -56. What are the prime factors of t?
19
Let g = 4942 - 1271. List the prime factors of g.
3671
Suppose 0 = -4*w + 3*w + 16. Suppose 3 = -x + w. Suppose p + 48 = 2*n + 8, n = 4*p + x. List the prime factors of n.
3, 7
Suppose s + 9 = -35. List the prime factors of 11/s + (-1170)/(-8).
2, 73
List the prime factors of -12*(642/4)/(-3) - -3.
3, 5, 43
What are the prime factors of 2/(4/58) - 5?
2, 3
Suppose -2*m + w + 20 = -w, -2*w = m - 10. What are the prime factors of (5 - 4 - 2) + m?
3
What are the prime factors of ((-2)/6 + (-6)/(-9))*579?
193
Suppose 5 = -2*w + 7*w, 2*v = 4*w + 104. Let r = v + 72. What are the prime factors of r?
2, 3, 7
Let i(v) = -58*v**3 + v**2 - 3*v + 3. Let l(o) = -o + 1. Let d(w) = -i(w) + 5*l(w). What are the prime factors of d(1)?
3, 19
Let n(t) be the second derivative of t**4/12 + 2*t**3 - 6*t**2 - t. Let f be n(-13). List the prime factors of 0 - f - (1 - 51).
7
Let t = 6 + -4. Let g(f) be the second derivative of f**5/10 + f**4/6 - 2*f**3/3 + f**2 + 26*f. List the prime factors of g(t).
2, 3
Let q be (-5 + 4)*(-2 - 9). Suppose -7*z = -q*z. Suppose z*k + k = 52. What are the prime factors of k?
2, 13
Let c(l) = -18*l - 16. Let w be ((-4)/3)/(3/((-108)/(-8))). What are the prime factors of c(w)?
2, 23
Let h be ((196/35)/7)/((-4)/(-10)). Suppose 0 = -h*w + 145 + 11. List the prime factors of w.
2, 3, 13
List the prime factors of (-2 + 0 + 512)*7/14.
3, 5, 17
Suppose 0 = -5*r + x + 2401, -x = 2 - 6. What are the prime factors of r?
13, 37
Let k = 0 + 6. Let l be 4/(-14) - 408/(-56). Suppose l*p = k*p + 17. List the prime factors of p.
17
Suppose 20*q = 17*q + 66. What are the prime factors of (-31 - -27)/((-2)/q*2)?
2, 11
Suppose 26295 + 18165 = 20*x. What are the prime factors of x?
3, 13, 19
Let k(j) = -3*j**3 - 23*j**2 + 7*j + 35. What are the prime factors of k(-10)?
5, 7, 19
Let k(z) = 5*z + 6. Let j(g) = -g. Let q(u) = -6*j(u) - 2*k(u). What are the prime factors of q(-11)?
2
Let y(c) = -1077*c + 35. List the prime factors of y(-3).
2, 23, 71
Let l = 5 - 2. Suppose -l*p + p + 122 = 0. List the prime factors of p.
61
Let b(g) = 6*g**2 - 3*g. Let r be b(-1). Let q be (-2)/(-9) + 112/(-18). What are the prime factors of (q/(-4))/(r/408)?
2, 17
Let s(n) = -2*n**2 - 3*n + 11. Let q be s(7). Let m = 213 + q. List the prime factors of m.
3, 5, 7
Let v = -34 + 66. Suppose -31*z = -v*z + 93. What are the prime factors of z?
3, 31
What are the prime factors of 170/51*50*(-6)/(-4)?
2, 5
Let w = 2081 + -527. List the prime factors of w.
2, 3, 7, 37
Let y(i) = 8*i**2 + 18*i + 14. List the prime factors of y(11).
2, 5, 59
Suppose -6*c = -276 - 2394. What are the prime factors of c?
5, 89
Suppose -m = -4*d + 43, 31 = -m + 3*d - 2*d. Let s = m + 21. Let c = 13 + s. List the prime factors of c.
7
Let j = -16 - -6. Let t(f) = f**2 + 11*f + 7. Let i be t(j). List the prime factors of (-64)/i*45/30.
2
Let s(v) = v**2 + 18*v + 4. Let o be s(-18). Suppose -104 + 696 = o*p. What are the prime factors of p?
2, 37
Let l(m) = -m**3 + 4. Let t be l(0). What are the prime factors of (-22 - -20)*(134/t)/(-1)?
67
Suppose 23941 - 58672 = -51*n. What are the prime factors of n?
3, 227
Let r(h) = -2*h**2 - 3 - 53*h + 3*h**2 + 43*h + 1. Let i be r(12). Suppose i = 3*m - 38. List the prime factors of m.
2, 5
Suppose a = -5*n - 10, -4*a + 12 = 2*n - 2. Let u be (-1776)/40 - (-2)/a. Let x = u + 67. List the prime factors of x.
23
Let i(r) = -r**3 + 7*r**2 + 10*r - 5. Let x be i(8). Suppose -14*v = -x*v - 201. What are the prime factors of v?
67
Suppose 0 = 4*l - 8*l + 24. Let p = -1 + l. Suppose -28 = -y + p. List the prime factors of y.
3, 11
Suppose 0 = -48*f + 50*f - 5106. What are the prime factors of f?
3, 23, 37
Let f be (-1 + -2)/((-2)/2). Suppose 2*c - 7 = f. Suppose c*o - 48 = 147. What are the prime factors of o?
3, 13
Suppose -3*i + 4920 = 4*u, 0 = -2*i + 5*i + 3*u - 4917. What are the prime factors of i?
2, 409
Let u(y) be the first derivative of y**3/3 + 11*y**2/2 - y - 4. List the prime factors of u(3).
41
Let t = 115 - -174. List the prime factors of t.
17
Let m(f) = 21*f. Let a be m(-3). Let z = a - -206. What are the prime factors of z?
11, 13
Let a(l) = -2*l**3 - l**2 + 3*l - 1. Let d be a(-2). Suppose 0 = -d*p - 203 + 658. What are the prime factors of p?
7, 13
Let u = 303 + -115. Suppose -u*i - 596 = -192*i. List the prime factors of i.
149
Let n = -554 + 802. Let g = -176 + n. What are the prime factors of g?
2, 3
Suppose 0 = 39*x - 91002 - 26271. List the prime factors of x.
31, 97
Suppose -2*q - 2*q + 3*r + 3817 = 0, r = 4*q - 3819. List the prime factors of q.
5, 191
Suppose -4*i = 4*q, -4*i + q = -3 - 7. Suppose -5*l + 5 = 3*v, -1 = 2*v + 3*l - 4*l. Suppose v = -5*s + i*s + 45. List the prime factors of s.
3, 5
Let a(l) = 15*l**2 - 8*l + 4. Let f be a(-6). Suppose -10*h + 2*h = -f. What are the prime factors of h?
2, 37
Suppose -2*b + 13*b = 132. Suppose 11*h + 84 = b*h. List the prime factors of h.
2, 3, 7
Let o(n) = 69*n - 8. Let d be o(6). Let y be d/(-49) + 4/14. List the prime factors of 154/12 - y/48.
13
Suppose 0 = -3*d + 6*d - 27. Let r = 7 - d. Let x(p) = 9*p**2 + 3*p + 2. What are the prime factors of x(r)?
2
Let a(b) = 6*b - 1. Let s(r) = -3*r - 2. Let v be s(-6). Let m = v + -15. What are the prime factors of a(m)?
5
Let f be (-15)/9*(4 - 1). Let x(w) = w**3 + 17*w**2 - w - 11. Let g be x(-17). What are the prime factors of f + g + (-1 - -60)?
2, 3, 5
Let m be (10*-1)/(-1) - 1. Let z be m/(-3) + (1 - 12). Let b = z + 23. What are the prime factors of b?
3
Let h(d) = d**3 + 9*d**2 - 7*d - 13. List the prime factors of h(7).
2, 19
Suppose 2719 = 3*u + 5*x, u - 32*x = -29*x + 897. What are the prime factors of u?
3, 7, 43
Let v(f) = 12*f - 51. Let r(p) = p - 4. Let t(x) = 54*r(x) - 4*v(x). Let i be t(4). Suppose -18 = -g + i. What are the prime factors of g?
2, 3, 5
Let b = -34 - -46. Suppose 5*c = -b*c + 5440. List the prime factors of c.
2, 5
Let f = 685 + -646. List the prime factors of f.
3, 13
Let a(t) be the second derivative of -t**3/2 + 27*t**2/2 - 9*t. What are the prime factors of a(-11)?
2, 3, 5
Suppose -2*y + 2 = 2*s, 4*s - 6 = 4*y - 9*y. Let h(p) = -8*p. Let v be h(s). Suppose -3*q - 85 = -v*q. List the prime factors of q.
17
Suppose -4*f + 5*z = -17, 23 = 4*f - z - 2*z. Suppose f*v = 6*v + 4. Suppose -v*h + 11 = m, m + 20 = 5*m - 4*h. What are the prime factors of m?
7
Let v(k) = -k**3 - 5*k**2 + 6*k + 2. Let a be v(-6). Suppose z + 3*z - 103 = -5*g, 3*z = a*g + 106. List the prime factors of z.
2
Let m(c) = 3*c - 1. Let i be m(-8). Let j = i - -39. List the prime factors of j.
2, 7
What are the prime factors of ((-6)/5)/((-24)/10320)?
2, 3, 43
Let x be (1 + (0 - 1))/(-2). Suppose -2*r + x*j + 1 = j, 3 = -3*r + 3*j. What are the prime factors of -29*(-1 - r/1)?
29
Let i = 11 + -3. Suppose i*u = 3*u + 2*y + 73, 0 = -2*u - 2*y + 18. Let t = -8 + u. What are the prime factors of t?
5
Suppose 0 = -2*k + 3 + 1. Let g(m) = 1 + 20*m**k + 12*m + 7*m - 19*m. List the prime factors of g(-1).
3, 7
Let d(u) = u**3 + 12*u*